{"id":151,"date":"2020-06-22T18:43:38","date_gmt":"2020-06-22T18:43:38","guid":{"rendered":"https:\/\/stockholm60.qodeinteractive.com\/?page_id=151"},"modified":"2022-02-07T20:48:56","modified_gmt":"2022-02-07T19:48:56","slug":"oferta","status":"publish","type":"page","link":"http:\/\/panifotografik.pl\/index.php\/oferta\/","title":{"rendered":"Oferta"},"content":{"rendered":"\t\t<div data-elementor-type=\"wp-page\" data-elementor-id=\"151\" class=\"elementor elementor-151\" data-elementor-settings=\"[]\">\n\t\t\t\t\t\t\t<div class=\"elementor-section-wrap\">\n\t\t\t\t\t\t\t<section class=\"elementor-section elementor-top-section elementor-element elementor-element-39e597d elementor-section-full_width elementor-section-height-default elementor-section-height-default parallax_section_no qode_elementor_container_no qode-content-aligment-left\" data-id=\"39e597d\" data-element_type=\"section\">\n\t\t\t\t\t\t<div class=\"elementor-container elementor-column-gap-no\">\n\t\t\t\t\t<div class=\"elementor-column elementor-col-100 elementor-top-column elementor-element elementor-element-eb8f74a\" data-id=\"eb8f74a\" data-element_type=\"column\">\n\t\t\t<div class=\"elementor-widget-wrap elementor-element-populated\">\n\t\t\t\t\t\t\t\t<div class=\"elementor-element elementor-element-df2b65c elementor-widget elementor-widget-image\" data-id=\"df2b65c\" data-element_type=\"widget\" data-widget_type=\"image.default\">\n\t\t\t\t<div class=\"elementor-widget-container\">\n\t\t\t<style>\/*! elementor - v3.5.5 - 03-02-2022 *\/\n.elementor-widget-image{text-align:center}.elementor-widget-image a{display:inline-block}.elementor-widget-image a img[src$=\".svg\"]{width:48px}.elementor-widget-image img{vertical-align:middle;display:inline-block}<\/style>\t\t\t\t\t\t\t\t\t\t\t\t<img loading=\"lazy\" decoding=\"async\" width=\"1830\" height=\"650\" src=\"http:\/\/panifotografik.pl\/wp-content\/uploads\/2022\/01\/zdjecie-niemowlece-sesje-rodzinne-fotograf-dzieciecy-sesje-slubne-poznan-wagrowiec-1.jpg\" class=\"attachment-full size-full\" alt=\"\" srcset=\"http:\/\/panifotografik.pl\/wp-content\/uploads\/2022\/01\/zdjecie-niemowlece-sesje-rodzinne-fotograf-dzieciecy-sesje-slubne-poznan-wagrowiec-1.jpg 1830w, http:\/\/panifotografik.pl\/wp-content\/uploads\/2022\/01\/zdjecie-niemowlece-sesje-rodzinne-fotograf-dzieciecy-sesje-slubne-poznan-wagrowiec-1-300x107.jpg 300w, http:\/\/panifotografik.pl\/wp-content\/uploads\/2022\/01\/zdjecie-niemowlece-sesje-rodzinne-fotograf-dzieciecy-sesje-slubne-poznan-wagrowiec-1-1024x364.jpg 1024w, http:\/\/panifotografik.pl\/wp-content\/uploads\/2022\/01\/zdjecie-niemowlece-sesje-rodzinne-fotograf-dzieciecy-sesje-slubne-poznan-wagrowiec-1-768x273.jpg 768w, http:\/\/panifotografik.pl\/wp-content\/uploads\/2022\/01\/zdjecie-niemowlece-sesje-rodzinne-fotograf-dzieciecy-sesje-slubne-poznan-wagrowiec-1-1536x546.jpg 1536w, http:\/\/panifotografik.pl\/wp-content\/uploads\/2022\/01\/zdjecie-niemowlece-sesje-rodzinne-fotograf-dzieciecy-sesje-slubne-poznan-wagrowiec-1-700x249.jpg 700w, http:\/\/panifotografik.pl\/wp-content\/uploads\/2022\/01\/zdjecie-niemowlece-sesje-rodzinne-fotograf-dzieciecy-sesje-slubne-poznan-wagrowiec-1-1100x391.jpg 1100w\" sizes=\"auto, (max-width: 1830px) 100vw, 1830px\" \/>\t\t\t\t\t\t\t\t\t\t\t\t\t\t\t<\/div>\n\t\t\t\t<\/div>\n\t\t\t\t\t<\/div>\n\t\t<\/div>\n\t\t\t\t\t\t\t<\/div>\n\t\t<\/section>\n\t\t\t\t<section class=\"elementor-section elementor-top-section elementor-element elementor-element-71f5a3c elementor-section-full_width qode_elementor_container_inner elementor-section-height-default elementor-section-height-default parallax_section_no qode-content-aligment-left\" data-id=\"71f5a3c\" data-element_type=\"section\">\n\t\t\t\t\t\t<div class=\"elementor-container elementor-column-gap-default\">\n\t\t\t\t\t<div class=\"elementor-column elementor-col-100 elementor-top-column elementor-element elementor-element-1554a2b\" data-id=\"1554a2b\" data-element_type=\"column\">\n\t\t\t<div class=\"elementor-widget-wrap elementor-element-populated\">\n\t\t\t\t\t\t\t\t<div class=\"elementor-element elementor-element-0e4ab50 elementor-widget elementor-widget-text-editor\" data-id=\"0e4ab50\" data-element_type=\"widget\" data-widget_type=\"text-editor.default\">\n\t\t\t\t<div class=\"elementor-widget-container\">\n\t\t\t<style>\/*! elementor - v3.5.5 - 03-02-2022 *\/\n.elementor-widget-text-editor.elementor-drop-cap-view-stacked .elementor-drop-cap{background-color:#818a91;color:#fff}.elementor-widget-text-editor.elementor-drop-cap-view-framed .elementor-drop-cap{color:#818a91;border:3px solid;background-color:transparent}.elementor-widget-text-editor:not(.elementor-drop-cap-view-default) .elementor-drop-cap{margin-top:8px}.elementor-widget-text-editor:not(.elementor-drop-cap-view-default) .elementor-drop-cap-letter{width:1em;height:1em}.elementor-widget-text-editor .elementor-drop-cap{float:left;text-align:center;line-height:1;font-size:50px}.elementor-widget-text-editor .elementor-drop-cap-letter{display:inline-block}<\/style>\t\t\t\t<h2>&#8222;Staraj si\u0119 pokaza\u0107 to, czego bez Ciebie,<\/h2><h2>nikt by nie zobaczy\u0142.&#8221;<\/h2><p>\u00a0<\/p><p>\u2013 Robert Bresson<\/p>\t\t\t\t\t\t<\/div>\n\t\t\t\t<\/div>\n\t\t\t\t\t<\/div>\n\t\t<\/div>\n\t\t\t\t\t\t\t<\/div>\n\t\t<\/section>\n\t\t\t\t<section class=\"elementor-section elementor-top-section elementor-element elementor-element-48dd597 elementor-section-full_width elementor-section-height-default elementor-section-height-default parallax_section_no qode_elementor_container_no qode-content-aligment-left\" data-id=\"48dd597\" data-element_type=\"section\">\n\t\t\t\t\t\t<div class=\"elementor-container elementor-column-gap-default\">\n\t\t\t\t\t<div class=\"elementor-column elementor-col-100 elementor-top-column elementor-element elementor-element-697627b\" data-id=\"697627b\" data-element_type=\"column\">\n\t\t\t<div class=\"elementor-widget-wrap elementor-element-populated\">\n\t\t\t\t\t\t\t\t<div class=\"elementor-element elementor-element-445a92d elementor-widget elementor-widget-spacer\" data-id=\"445a92d\" data-element_type=\"widget\" data-widget_type=\"spacer.default\">\n\t\t\t\t<div class=\"elementor-widget-container\">\n\t\t\t\t\t<div class=\"elementor-spacer\">\n\t\t\t<div class=\"elementor-spacer-inner\"><\/div>\n\t\t<\/div>\n\t\t\t\t<\/div>\n\t\t\t\t<\/div>\n\t\t\t\t\t<\/div>\n\t\t<\/div>\n\t\t\t\t\t\t\t<\/div>\n\t\t<\/section>\n\t\t\t\t<section class=\"elementor-section elementor-top-section elementor-element elementor-element-8b14e0c elementor-section-full_width elementor-section-height-default elementor-section-height-default parallax_section_no qode_elementor_container_no qode-content-aligment-left\" data-id=\"8b14e0c\" data-element_type=\"section\">\n\t\t\t\t\t\t<div class=\"elementor-container elementor-column-gap-default\">\n\t\t\t\t\t<div class=\"elementor-column elementor-col-33 elementor-top-column elementor-element elementor-element-8faac40\" data-id=\"8faac40\" data-element_type=\"column\">\n\t\t\t<div class=\"elementor-widget-wrap elementor-element-populated\">\n\t\t\t\t\t\t\t\t<div class=\"elementor-element elementor-element-a0c5780 elementor-widget elementor-widget-text-editor\" data-id=\"a0c5780\" data-element_type=\"widget\" data-widget_type=\"text-editor.default\">\n\t\t\t\t<div class=\"elementor-widget-container\">\n\t\t\t\t\t\t\t<div class=\"elementor-widget-wrap elementor-element-populated\"><div class=\"elementor-element elementor-element-2eb0431 elementor-widget elementor-widget-text-editor\" data-id=\"2eb0431\" data-element_type=\"widget\" data-widget_type=\"text-editor.default\"><div class=\"elementor-widget-container\"><h4>\u00a0<\/h4><h4>\u00a0<\/h4><h4>\u00a0<\/h4><h4>Fotografia rodzinna<\/h4><\/div><\/div><div class=\"elementor-element elementor-element-5b19979 elementor-widget elementor-widget-text-editor\" data-id=\"5b19979\" data-element_type=\"widget\" data-widget_type=\"text-editor.default\"><div class=\"elementor-widget-container\"><p>Sesje noworodkowe, dzieci\u0119ce,<\/p><p>rodzinne, ci\u0105\u017cowe<\/p><\/div><\/div><\/div><p>\u00a0<\/p><div class=\"elementor-widget-wrap elementor-element-populated\"><div class=\"elementor-element elementor-element-b5960dc elementor-widget elementor-widget-text-editor\" data-id=\"b5960dc\" data-element_type=\"widget\" data-widget_type=\"text-editor.default\"><div class=\"elementor-widget-container\"><h4>Mini sesje tematyczne<\/h4><\/div><\/div><div class=\"elementor-element elementor-element-39b4acb elementor-widget elementor-widget-text-editor\" data-id=\"39b4acb\" data-element_type=\"widget\" data-widget_type=\"text-editor.default\"><div class=\"elementor-widget-container\"><p>Sesje \u015bwi\u0105teczne, walentynkowe, wielkanocne,<\/p><p>wiosenne, zimowe, jesienne, Dzie\u0144 Mamy, Dzie\u0144 Taty,<\/p><p>Dzie\u0144 Babci i Dziadka, urodzinowe<\/p><p>\u00a0<\/p><\/div><\/div><div class=\"elementor-element elementor-element-b83dbf6 elementor-widget elementor-widget-text-editor\" data-id=\"b83dbf6\" data-element_type=\"widget\" data-widget_type=\"text-editor.default\"><div class=\"elementor-widget-container\"><h4>Fotografia \u015blubna<\/h4><\/div><\/div><div class=\"elementor-element elementor-element-f1358b4 elementor-widget elementor-widget-text-editor\" data-id=\"f1358b4\" data-element_type=\"widget\" data-widget_type=\"text-editor.default\"><div class=\"elementor-widget-container\"><p>Sesje narzecze\u0144skie, \u015blubne w plenerze,<\/p><p>reporta\u017ce ze \u015blubu, reporta\u017ce z wesela<\/p><\/div><\/div><\/div><div class=\"elementor-column elementor-col-33 elementor-top-column elementor-element elementor-element-51d4c41\" data-id=\"51d4c41\" data-element_type=\"column\"><div class=\"elementor-widget-wrap elementor-element-populated\"><div class=\"elementor-element elementor-element-e23f681 elementor-widget elementor-widget-image\" data-id=\"e23f681\" data-element_type=\"widget\" data-widget_type=\"image.default\">\u00a0<\/div><\/div><\/div>\t\t\t\t\t\t<\/div>\n\t\t\t\t<\/div>\n\t\t\t\t\t<\/div>\n\t\t<\/div>\n\t\t\t\t<div class=\"elementor-column elementor-col-33 elementor-top-column elementor-element elementor-element-1e23b43\" data-id=\"1e23b43\" data-element_type=\"column\">\n\t\t\t<div class=\"elementor-widget-wrap elementor-element-populated\">\n\t\t\t\t\t\t\t\t<div class=\"elementor-element elementor-element-8fcd5ec elementor-widget elementor-widget-image\" data-id=\"8fcd5ec\" data-element_type=\"widget\" data-widget_type=\"image.default\">\n\t\t\t\t<div class=\"elementor-widget-container\">\n\t\t\t\t\t\t\t\t\t\t\t\t\t\t\t<img loading=\"lazy\" decoding=\"async\" width=\"550\" height=\"550\" src=\"http:\/\/panifotografik.pl\/wp-content\/uploads\/2020\/08\/sesja-dziecieca-fotograf-rodzinny-zdjecie-dziecka-poznan-550x550.jpg\" class=\"attachment-portfolio-square size-portfolio-square\" alt=\"\" srcset=\"http:\/\/panifotografik.pl\/wp-content\/uploads\/2020\/08\/sesja-dziecieca-fotograf-rodzinny-zdjecie-dziecka-poznan-550x550.jpg 550w, http:\/\/panifotografik.pl\/wp-content\/uploads\/2020\/08\/sesja-dziecieca-fotograf-rodzinny-zdjecie-dziecka-poznan-300x300.jpg 300w, http:\/\/panifotografik.pl\/wp-content\/uploads\/2020\/08\/sesja-dziecieca-fotograf-rodzinny-zdjecie-dziecka-poznan-150x150.jpg 150w, http:\/\/panifotografik.pl\/wp-content\/uploads\/2020\/08\/sesja-dziecieca-fotograf-rodzinny-zdjecie-dziecka-poznan-768x768.jpg 768w, http:\/\/panifotografik.pl\/wp-content\/uploads\/2020\/08\/sesja-dziecieca-fotograf-rodzinny-zdjecie-dziecka-poznan-500x500.jpg 500w, http:\/\/panifotografik.pl\/wp-content\/uploads\/2020\/08\/sesja-dziecieca-fotograf-rodzinny-zdjecie-dziecka-poznan.jpg 1000w, http:\/\/panifotografik.pl\/wp-content\/uploads\/2020\/08\/sesja-dziecieca-fotograf-rodzinny-zdjecie-dziecka-poznan-700x700.jpg 700w, http:\/\/panifotografik.pl\/wp-content\/uploads\/2020\/08\/sesja-dziecieca-fotograf-rodzinny-zdjecie-dziecka-poznan-650x650.jpg 650w\" sizes=\"auto, (max-width: 550px) 100vw, 550px\" \/>\t\t\t\t\t\t\t\t\t\t\t\t\t\t\t<\/div>\n\t\t\t\t<\/div>\n\t\t\t\t\t<\/div>\n\t\t<\/div>\n\t\t\t\t<div class=\"elementor-column elementor-col-33 elementor-top-column elementor-element elementor-element-6de439f\" data-id=\"6de439f\" data-element_type=\"column\">\n\t\t\t<div class=\"elementor-widget-wrap elementor-element-populated\">\n\t\t\t\t\t\t\t\t<div class=\"elementor-element elementor-element-dc726e7 elementor-widget elementor-widget-text-editor\" data-id=\"dc726e7\" data-element_type=\"widget\" data-widget_type=\"text-editor.default\">\n\t\t\t\t<div class=\"elementor-widget-container\">\n\t\t\t\t\t\t\t<div class=\"elementor-element elementor-element-5960f59 elementor-widget elementor-widget-text-editor\" style=\"background-color: #ffffff; width: 320.617px;\" data-id=\"5960f59\" data-element_type=\"widget\" data-widget_type=\"text-editor.default\"><div class=\"elementor-widget-container\"><h4>\u00a0<\/h4><h4>\u00a0<\/h4><h4>Sesje plenerowe<\/h4><\/div><\/div><div class=\"elementor-element elementor-element-6cded39 elementor-widget elementor-widget-text-editor\" style=\"background-color: #ffffff; width: 320.617px;\" data-id=\"6cded39\" data-element_type=\"widget\" data-widget_type=\"text-editor.default\"><div class=\"elementor-widget-container\" style=\"margin-top: -10px; padding-right: 64.1167px;\"><p>Sesje w s\u0142onecznikach, na pla\u017cy, w lesie, w trawach, na polu mak\u00f3w, nad jeziorem, o zachodzie s\u0142o\u0144ca, na polu lawendy, ze zwierz\u0119tami<\/p><\/div><\/div><div class=\"elementor-element elementor-element-3f499ff elementor-widget elementor-widget-text-editor\" style=\"background-color: #ffffff; width: 320.617px;\" data-id=\"3f499ff\" data-element_type=\"widget\" data-widget_type=\"text-editor.default\"><div class=\"elementor-widget-container\" style=\"padding-top: 52px;\"><h4>Sesje lifestyle\u2019owe<\/h4><\/div><\/div><div class=\"elementor-element elementor-element-5497083 elementor-widget elementor-widget-text-editor\" style=\"background-color: #ffffff; width: 320.617px;\" data-id=\"5497083\" data-element_type=\"widget\" data-widget_type=\"text-editor.default\"><div class=\"elementor-widget-container\" style=\"margin-top: -10px; padding-right: 64.1167px;\"><p>Sesje domowe, u Klienta<\/p><\/div><\/div><div class=\"elementor-element elementor-element-e7b078f elementor-widget elementor-widget-text-editor\" style=\"background-color: #ffffff; width: 320.617px;\" data-id=\"e7b078f\" data-element_type=\"widget\" data-widget_type=\"text-editor.default\"><div class=\"elementor-widget-container\" style=\"padding-top: 52px;\"><h4>Sesje w studio<\/h4><\/div><\/div><div class=\"elementor-element elementor-element-9eaee7f elementor-widget elementor-widget-text-editor\" style=\"background-color: #ffffff; width: 320.617px;\" data-id=\"9eaee7f\" data-element_type=\"widget\" data-widget_type=\"text-editor.default\"><div class=\"elementor-widget-container\" style=\"margin-top: -10px; padding-right: 64.1167px;\"><p>Profesjonalne sesje zdj\u0119ciowe w \u015bwietnie wyposa\u017conym studio z najpi\u0119kniejszym widokiem<\/p><\/div><\/div>\t\t\t\t\t\t<\/div>\n\t\t\t\t<\/div>\n\t\t\t\t\t<\/div>\n\t\t<\/div>\n\t\t\t\t\t\t\t<\/div>\n\t\t<\/section>\n\t\t\t\t<section class=\"elementor-section elementor-top-section elementor-element elementor-element-15e4aa5 elementor-section-full_width elementor-section-height-default elementor-section-height-default parallax_section_no qode_elementor_container_no qode-content-aligment-left\" data-id=\"15e4aa5\" data-element_type=\"section\">\n\t\t\t\t\t\t<div class=\"elementor-container elementor-column-gap-default\">\n\t\t\t\t\t<div class=\"elementor-column elementor-col-100 elementor-top-column elementor-element elementor-element-496a40f\" data-id=\"496a40f\" data-element_type=\"column\">\n\t\t\t<div class=\"elementor-widget-wrap elementor-element-populated\">\n\t\t\t\t\t\t\t\t<div class=\"elementor-element elementor-element-f3b0a3a elementor-widget elementor-widget-spacer\" data-id=\"f3b0a3a\" data-element_type=\"widget\" data-widget_type=\"spacer.default\">\n\t\t\t\t<div class=\"elementor-widget-container\">\n\t\t\t\t\t<div class=\"elementor-spacer\">\n\t\t\t<div class=\"elementor-spacer-inner\"><\/div>\n\t\t<\/div>\n\t\t\t\t<\/div>\n\t\t\t\t<\/div>\n\t\t\t\t\t<\/div>\n\t\t<\/div>\n\t\t\t\t\t\t\t<\/div>\n\t\t<\/section>\n\t\t\t\t<section class=\"elementor-section elementor-top-section elementor-element elementor-element-e7f7775 elementor-section-full_width qode_elementor_container_inner elementor-section-height-default elementor-section-height-default parallax_section_no qode-content-aligment-left\" data-id=\"e7f7775\" data-element_type=\"section\">\n\t\t\t\t\t\t<div class=\"elementor-container elementor-column-gap-default\">\n\t\t\t\t\t<div class=\"elementor-column elementor-col-100 elementor-top-column elementor-element elementor-element-a5dc364\" data-id=\"a5dc364\" data-element_type=\"column\">\n\t\t\t<div class=\"elementor-widget-wrap elementor-element-populated\">\n\t\t\t\t\t\t\t\t<div class=\"elementor-element elementor-element-682e1ff elementor-widget elementor-widget-text-editor\" data-id=\"682e1ff\" data-element_type=\"widget\" data-widget_type=\"text-editor.default\">\n\t\t\t\t<div class=\"elementor-widget-container\">\n\t\t\t\t\t\t\t<h1>Dlaczego pani Fotografik?<\/h1>\t\t\t\t\t\t<\/div>\n\t\t\t\t<\/div>\n\t\t\t\t<div class=\"elementor-element elementor-element-edce67c elementor-widget elementor-widget-text-editor\" data-id=\"edce67c\" data-element_type=\"widget\" data-widget_type=\"text-editor.default\">\n\t\t\t\t<div class=\"elementor-widget-container\">\n\t\t\t\t\t\t\t<h5>Je\u015bli macie jeszcze w\u0105tpliwo\u015bci, przeczytajcie dlaczego sesja zdj\u0119ciowa to wspania\u0142a przygoda!<\/h5>\t\t\t\t\t\t<\/div>\n\t\t\t\t<\/div>\n\t\t\t\t\t<\/div>\n\t\t<\/div>\n\t\t\t\t\t\t\t<\/div>\n\t\t<\/section>\n\t\t\t\t<section class=\"elementor-section elementor-top-section elementor-element elementor-element-6732a0d elementor-section-full_width qode_elementor_container_inner elementor-section-height-default elementor-section-height-default parallax_section_no qode-content-aligment-left\" data-id=\"6732a0d\" data-element_type=\"section\">\n\t\t\t\t\t\t<div class=\"elementor-container elementor-column-gap-default\">\n\t\t\t\t\t<div class=\"elementor-column elementor-col-33 elementor-top-column elementor-element elementor-element-8bb0d6b\" data-id=\"8bb0d6b\" data-element_type=\"column\">\n\t\t\t<div class=\"elementor-widget-wrap elementor-element-populated\">\n\t\t\t\t\t\t\t\t<div class=\"elementor-element elementor-element-e782291 elementor-widget elementor-widget-image_with_text\" data-id=\"e782291\" data-element_type=\"widget\" data-widget_type=\"image_with_text.default\">\n\t\t\t\t<div class=\"elementor-widget-container\">\n\t\t\t<div class=\"image_with_text\"><img decoding=\"async\" src=\"http:\/\/panifotografik.pl\/wp-content\/uploads\/2022\/02\/sesje-rodzinne-pani-fotografik-mama-poznan-wagrowiec-skoki.jpg\" alt=\"\" \/><h3 >Jak u Mamy\u2026<\/h3><span style=\"margin: 6px 0px;\" class=\"separator transparent\"><\/span><p>Sama jestem Mam\u0105. I to tr\u00f3jki wspania\u0142ych szkrab\u00f3w.<\/p><p>To dzi\u0119ki nim nauczy\u0142am si\u0119 cierpliwego i pomys\u0142owego podej\u015bcia do fotografii rodzinnej. Nieraz do\u015bwiadczy\u0142am jak wiele mo\u017cecie zale\u017ce\u0107 od humorku pociechy. I na szcz\u0119\u015bcie mam ju\u017c na to swoje autorskie metody.<\/p><p>\u00a0<\/p><h4>W trakcie zdj\u0119\u0107 pogadamy, powyg\u0142upiamy si\u0119, po\u015bmiejemy.<\/h4><p>\u00a0<\/p><p>Dzieci dostan\u0105 zadania specjalne, kt\u00f3re sprawi\u0105, \u017ce b\u0119d\u0105 zaciekawione i naturalne. I najwa\u017cniejsze\u2026 przestan\u0105 psoci\u0107.<\/p><p>Wtedy skradniemy kilka ekstra kadr\u00f3w Mamy z Tat\u0105\u2026<\/p><p>Drodzy Rodzice, pami\u0119tacie jeszcze te chwile beztroski?<\/p><p>\u00a0<\/p><h4>Dbam o to, aby\u015bcie w czasie sesji zdj\u0119ciowej czuli si\u0119 komfortowo.<\/h4><p>\u00a0<\/p><p>U mnie nie mijasz si\u0119 z kolejn\u0105 Rodzin\u0105 w drzwiach studio. W czasie sesji koncentruj\u0119 si\u0119 tylko na Was. Mo\u017cecie liczy\u0107 na indywidualne podej\u015bcie, dzi\u0119ki kt\u00f3remu poczujecie si\u0119 wyj\u0105tkowo.<\/p><p>\u00a0<\/p><p>W moim studio fotograficznym w Potrzanowie przywitam Was aromatyczn\u0105 kaw\u0105. Czasem zd\u0105\u017c\u0119 te\u017c upiec ciasto marchewkowe.<\/p><p>\u00a0<\/p><h4>W trakcie sesji rodzinnej u Pani Fotografik poczujecie si\u0119 jak prawdziwi Go\u015bcie.<\/h4><\/div>\t\t<\/div>\n\t\t\t\t<\/div>\n\t\t\t\t\t<\/div>\n\t\t<\/div>\n\t\t\t\t<div class=\"elementor-column elementor-col-33 elementor-top-column elementor-element elementor-element-d0052f5\" data-id=\"d0052f5\" data-element_type=\"column\">\n\t\t\t<div class=\"elementor-widget-wrap elementor-element-populated\">\n\t\t\t\t\t\t\t\t<div class=\"elementor-element elementor-element-8a084c0 elementor-widget elementor-widget-image_with_text\" data-id=\"8a084c0\" data-element_type=\"widget\" data-widget_type=\"image_with_text.default\">\n\t\t\t\t<div class=\"elementor-widget-container\">\n\t\t\t<div class=\"image_with_text\"><img decoding=\"async\" src=\"http:\/\/panifotografik.pl\/wp-content\/uploads\/2022\/01\/boho-sesja-zdjeciowa-trawy-plener-pani-fotografik.jpg\" alt=\"\" \/><h3 >Czas, czas, czas\u2026 <\/h3><span style=\"margin: 6px 0px;\" class=\"separator transparent\"><\/span><p>Na co dzie\u0144 wszyscy \u017cyjemy troch\u0119 w p\u0119dzie. Ogarniamy miliony spraw, rzeczy\u2026 Drodzy Rodzice, logistyka to nasza specjalno\u015b\u0107! Ci\u0105gle goni\u0105 nas terminy.<\/p><p>Ale nie tutaj. Ja nie b\u0119d\u0119 Was pogania\u0107. Zale\u017cy mi na tym, aby\u015bcie w czasie sesji zdj\u0119ciowej wzi\u0119li g\u0142\u0119boki oddech.<\/p><p>\u00a0<\/p><h4>Poczuli, \u017ce wsp\u00f3lne robienie zdj\u0119\u0107 to \u015bwietna inwestycja w budowanie wi\u0119zi i wspomnie\u0144.<\/h4><p>\u00a0<\/p><p>Jestem elastyczna i dyspozycyjna. A kalendarz na 2022 rok jest u mnie OTWARTY.<\/p><p>\u00a0<\/p><h4>Na czas sesji fotograficznej mog\u0119 zarezerwowa\u0107 dla Was tyle czasu ile potrzebujecie.<\/h4><p>\u00a0<\/p><p>Oczywi\u015bcie w granicach rozs\u0105dku. Korzystajcie i zapisujcie si\u0119, bo terminy z pewno\u015bci\u0105 szybko b\u0119d\u0105 znika\u0142y. Aby u\u0142atwi\u0107 Wam orientacj\u0119 w terminach postanowi\u0142am skorzysta\u0107 z profesjonalnego narz\u0119dzia dla fotograf\u00f3w jakim jest portal MAFELO. Mo\u017cecie tam sprawdzi\u0107 od r\u0119ki czy interesuj\u0105cy Was termin jest dost\u0119pny i je\u015bli tak \u2013 zarezerwowa\u0107 go szybko i skutecznie.<\/p><p>\u00a0<\/p><p>A co potem? Nie b\u0119dziecie czeka\u0107 miesi\u0105cami na zdj\u0119cia.<\/p><p>\u00a0<\/p><h4>Szanuj\u0119 Wasz czas. Obrobione fotografie otrzymacie do 2 tygodni od sesji!<\/h4><h4>To jak? Gotowi?<\/h4><\/div>\t\t<\/div>\n\t\t\t\t<\/div>\n\t\t\t\t\t<\/div>\n\t\t<\/div>\n\t\t\t\t<div class=\"elementor-column elementor-col-33 elementor-top-column elementor-element elementor-element-e4dedba\" data-id=\"e4dedba\" data-element_type=\"column\">\n\t\t\t<div class=\"elementor-widget-wrap elementor-element-populated\">\n\t\t\t\t\t\t\t\t<div class=\"elementor-element elementor-element-e5c707f elementor-widget elementor-widget-image_with_text\" data-id=\"e5c707f\" data-element_type=\"widget\" data-widget_type=\"image_with_text.default\">\n\t\t\t\t<div class=\"elementor-widget-container\">\n\t\t\t<div class=\"image_with_text\"><img decoding=\"async\" src=\"http:\/\/panifotografik.pl\/wp-content\/uploads\/2022\/01\/studio-pani-fotografik-potrzanowo-sesje-dzieciece-skoki.jpg\" alt=\"\" \/><h3 >Najpi\u0119kniejsze studio...<\/h3><span style=\"margin: 6px 0px;\" class=\"separator transparent\"><\/span><p>Mi\u0119dzy Poznaniem a W\u0105growcem.<\/p><p>Studio mie\u015bci si\u0119\u2026 w najpi\u0119kniejszym miejscu na Ziemi. Serio. Potrzanowo i okolica Skok\u00f3w to zjawiskowo urokliwa kraina jezior. Dlatego koniecznie musicie tu przyjecha\u0107 i sami si\u0119 o tym przekona\u0107. Kawa z widokiem na przepi\u0119kne jezioro wynagrodzi Wam podr\u00f3\u017c.<\/p><p>\u00a0<\/p><h4>B\u0119dziecie chcieli tu wr\u00f3ci\u0107!<\/h4><p>\u00a0<\/p><p>Zdj\u0119cia zrobione w tej okolicy urzekaj\u0105 r\u00f3\u017cnorodno\u015bci\u0105. A poniewa\u017c uwielbiam spacerowa\u0107 z moimi dzie\u0107mi, oraz przyjaznym Border Collie po okolicy i wynajdywa\u0107 nowe magiczne miejsca.<\/p><p>\u00a0<\/p><h4>Pomys\u0142\u00f3w na sesje fotograficzne w plenerze jest tu ca\u0142e mn\u00f3stwo.<\/h4><p>\u00a0<\/p><p>Czasem znajduj\u0119 je w lesie, gdzie \u015bwiat\u0142o przenika przez wysokie sosny i za\u0142amuje si\u0119 na mi\u0119ciutkim mchu. Wtedy od razu my\u015bl\u0119 kogo b\u0119d\u0119 mog\u0142a w tym miejscu sfotografowa\u0107\u2026<\/p><p>Czasem dostrzegam pi\u0119kno w \u2018zwyk\u0142ych\u2019 faluj\u0105cych na wietrze trawach przy drodze, w samym \u015brodku mojej wsi. Zdarza mi si\u0119 te\u017c poprosi\u0107 o zaproszenie do s\u0105siad\u00f3w z pi\u0119knym sadem jab\u0142oni.<\/p><p>Wszyscy tu s\u0105 wspaniali, ciepli i przyja\u017ani. Dlatego lubi\u0119 si\u0119 dzieli\u0107 tym szcz\u0119\u015bciem i atmosfer\u0105 z odwiedzaj\u0105cymi mnie Rodzinami. To jak?<\/p><p>\u00a0<\/p><h4>Czujecie, \u017ce to miejsce dla Was?<\/h4><\/div>\t\t<\/div>\n\t\t\t\t<\/div>\n\t\t\t\t\t<\/div>\n\t\t<\/div>\n\t\t\t\t\t\t\t<\/div>\n\t\t<\/section>\n\t\t\t\t\t\t<\/div>\n\t\t\t\t\t<\/div>\n\t\t","protected":false},"excerpt":{"rendered":"<p>&#8222;Staraj si\u0119 pokaza\u0107 to, czego bez Ciebie, nikt by nie zobaczy\u0142.&#8221; \u00a0 \u2013 Robert Bresson \u00a0 \u00a0 \u00a0 Fotografia rodzinna Sesje noworodkowe, dzieci\u0119ce, rodzinne, ci\u0105\u017cowe \u00a0 Mini sesje tematyczne Sesje \u015bwi\u0105teczne, walentynkowe, wielkanocne, wiosenne, zimowe, jesienne, Dzie\u0144 Mamy, Dzie\u0144 Taty, Dzie\u0144 Babci i Dziadka, urodzinowe&#8230;<\/p>\n","protected":false},"author":1,"featured_media":0,"parent":0,"menu_order":0,"comment_status":"closed","ping_status":"closed","template":"full_width.php","meta":{"footnotes":""},"class_list":["post-151","page","type-page","status-publish","hentry"],"_links":{"self":[{"href":"http:\/\/panifotografik.pl\/index.php\/wp-json\/wp\/v2\/pages\/151","targetHints":{"allow":["GET"]}}],"collection":[{"href":"http:\/\/panifotografik.pl\/index.php\/wp-json\/wp\/v2\/pages"}],"about":[{"href":"http:\/\/panifotografik.pl\/index.php\/wp-json\/wp\/v2\/types\/page"}],"author":[{"embeddable":true,"href":"http:\/\/panifotografik.pl\/index.php\/wp-json\/wp\/v2\/users\/1"}],"replies":[{"embeddable":true,"href":"http:\/\/panifotografik.pl\/index.php\/wp-json\/wp\/v2\/comments?post=151"}],"version-history":[{"count":101,"href":"http:\/\/panifotografik.pl\/index.php\/wp-json\/wp\/v2\/pages\/151\/revisions"}],"predecessor-version":[{"id":1065,"href":"http:\/\/panifotografik.pl\/index.php\/wp-json\/wp\/v2\/pages\/151\/revisions\/1065"}],"wp:attachment":[{"href":"http:\/\/panifotografik.pl\/index.php\/wp-json\/wp\/v2\/media?parent=151"}],"curies":[{"name":"wp","href":"https:\/\/api.w.org\/{rel}","templated":true}]}}