{"id":562,"date":"2022-02-01T13:50:55","date_gmt":"2022-02-01T12:50:55","guid":{"rendered":"http:\/\/panifotografik.pl\/?page_id=562"},"modified":"2022-02-10T01:47:46","modified_gmt":"2022-02-10T00:47:46","slug":"fotografia-ciazowa","status":"publish","type":"page","link":"http:\/\/panifotografik.pl\/index.php\/fotografia-ciazowa\/","title":{"rendered":"Fotografia ci\u0105\u017cowa"},"content":{"rendered":"\t\t<div data-elementor-type=\"wp-page\" data-elementor-id=\"562\" class=\"elementor elementor-562\" data-elementor-settings=\"[]\">\n\t\t\t\t\t\t\t<div class=\"elementor-section-wrap\">\n\t\t\t\t\t\t\t<section class=\"elementor-section elementor-top-section elementor-element elementor-element-98b4240 elementor-section-boxed elementor-section-height-default elementor-section-height-default parallax_section_no qode_elementor_container_no qode-content-aligment-left\" data-id=\"98b4240\" data-element_type=\"section\">\n\t\t\t\t\t\t<div class=\"elementor-container elementor-column-gap-default\">\n\t\t\t\t\t<div class=\"elementor-column elementor-col-100 elementor-top-column elementor-element elementor-element-cbb5985\" data-id=\"cbb5985\" data-element_type=\"column\">\n\t\t\t<div class=\"elementor-widget-wrap elementor-element-populated\">\n\t\t\t\t\t\t\t\t<div class=\"elementor-element elementor-element-4fcb04c elementor-widget elementor-widget-text-editor\" data-id=\"4fcb04c\" data-element_type=\"widget\" data-widget_type=\"text-editor.default\">\n\t\t\t\t<div class=\"elementor-widget-container\">\n\t\t\t<style>\/*! elementor - v3.5.5 - 03-02-2022 *\/\n.elementor-widget-text-editor.elementor-drop-cap-view-stacked .elementor-drop-cap{background-color:#818a91;color:#fff}.elementor-widget-text-editor.elementor-drop-cap-view-framed .elementor-drop-cap{color:#818a91;border:3px solid;background-color:transparent}.elementor-widget-text-editor:not(.elementor-drop-cap-view-default) .elementor-drop-cap{margin-top:8px}.elementor-widget-text-editor:not(.elementor-drop-cap-view-default) .elementor-drop-cap-letter{width:1em;height:1em}.elementor-widget-text-editor .elementor-drop-cap{float:left;text-align:center;line-height:1;font-size:50px}.elementor-widget-text-editor .elementor-drop-cap-letter{display:inline-block}<\/style>\t\t\t\t<h3><span style=\"background-color: #ffffff;\">Ci\u0105\u017ca to absolutnie wyj\u0105tkowy czas.\u00a0<\/span><\/h3><p>\u00a0<\/p><p><span style=\"background-color: #ffffff;\">Czas pi\u0119kny, ale i niejednokrotnie trudny dla ka\u017cdej kobiety. Niezale\u017cnie jednak od tego czy czujecie si\u0119 kwitn\u0105co, czy te\u017c marzycie ju\u017c tylko o tym aby Maluszek by\u0142 ju\u017c z Wami\u2026 <strong>Warto zatrzyma\u0107 ten czas w kadrze.<\/strong> Cho\u0107by po to, aby potem powspomina\u0107. Dlatego zapraszam Was przysz\u0142e dzielne Mamy na sesj\u0119, kt\u00f3ra zostanie z Wami na zawsze. Jako \u015blad po tym niezwyk\u0142ym momencie w Waszym \u017cyciu. <strong>\u017beby\u015bcie pami\u0119ta\u0142y jakie wspania\u0142e jeste\u015bmy!<\/strong><\/span><\/p><p><span style=\"background-color: #ffffff;\">Mo\u017cemy um\u00f3wi\u0107 si\u0119 na malownicz\u0105 sesj\u0119 w plenerze w pi\u0119knych kobiecych sukniach, albo postawi\u0107 na casual i uwieczni\u0107 Wasz\u0105 codzienno\u015b\u0107 w domu. Niezale\u017cnie od okoliczno\u015bci <strong>dbam o Wasz komfort i dobre samopoczucie w czasie zdj\u0119\u0107.<\/strong> Podpowiadam jak pozowa\u0107, aby wydoby\u0107 wszystkie Wasze atuty i podkre\u015bli\u0107 pi\u0119kne kszta\u0142ty.<\/span><\/p><p><span style=\"background-color: #ffffff;\">\u00a0<\/span><\/p>\t\t\t\t\t\t<\/div>\n\t\t\t\t<\/div>\n\t\t\t\t\t<\/div>\n\t\t<\/div>\n\t\t\t\t\t\t\t<\/div>\n\t\t<\/section>\n\t\t\t\t<section class=\"elementor-section elementor-top-section elementor-element elementor-element-7e29f8b elementor-section-boxed elementor-section-height-default elementor-section-height-default parallax_section_no qode_elementor_container_no qode-content-aligment-left\" data-id=\"7e29f8b\" data-element_type=\"section\">\n\t\t\t\t\t\t<div class=\"elementor-container elementor-column-gap-default\">\n\t\t\t\t\t<div class=\"elementor-column elementor-col-100 elementor-top-column elementor-element elementor-element-427800e\" data-id=\"427800e\" data-element_type=\"column\">\n\t\t\t<div class=\"elementor-widget-wrap elementor-element-populated\">\n\t\t\t\t\t\t\t\t<div class=\"elementor-element elementor-element-f5a89f9 elementor-widget elementor-widget-qi_addons_for_elementor_image_gallery_pinterest\" data-id=\"f5a89f9\" data-element_type=\"widget\" data-widget_type=\"qi_addons_for_elementor_image_gallery_pinterest.default\">\n\t\t\t\t<div class=\"elementor-widget-container\">\n\t\t\t<div class=\"qodef-shortcode qodef-m  qodef-qi-image-gallery-pinterest qodef-qi-fslightbox-popup qodef-popup-gallery qodef-image--hover-zoom  qodef-qi-grid qodef-layout--qi-masonry  qodef-col-num--3   qodef-responsive--predefined\">\n\t<div class=\"qodef-grid-inner\">\n\t\t\t<div class=\"qodef-qi-grid-masonry-sizer\"><\/div>\n<div class=\"qodef-e qodef-image-wrapper qodef-grid-item\">\n\t<div class=\"qodef-e-inner\">\n\t\t\t\t\t<a class=\"qodef-popup-item\" itemprop=\"image\" href=\"http:\/\/panifotografik.pl\/wp-content\/uploads\/2022\/02\/sesja-ciazowa-boho-trawy-plener.jpg\" data-type=\"image\" data-fslightbox=\"gallery-507\">\n\t\t\t\t\t<img loading=\"lazy\" decoding=\"async\" width=\"933\" height=\"1400\" src=\"http:\/\/panifotografik.pl\/wp-content\/uploads\/2022\/02\/sesja-ciazowa-boho-trawy-plener.jpg\" class=\"attachment-full size-full\" alt=\"\" srcset=\"http:\/\/panifotografik.pl\/wp-content\/uploads\/2022\/02\/sesja-ciazowa-boho-trawy-plener.jpg 933w, http:\/\/panifotografik.pl\/wp-content\/uploads\/2022\/02\/sesja-ciazowa-boho-trawy-plener-200x300.jpg 200w, http:\/\/panifotografik.pl\/wp-content\/uploads\/2022\/02\/sesja-ciazowa-boho-trawy-plener-682x1024.jpg 682w, http:\/\/panifotografik.pl\/wp-content\/uploads\/2022\/02\/sesja-ciazowa-boho-trawy-plener-768x1152.jpg 768w, http:\/\/panifotografik.pl\/wp-content\/uploads\/2022\/02\/sesja-ciazowa-boho-trawy-plener-700x1050.jpg 700w\" sizes=\"auto, (max-width: 933px) 100vw, 933px\" \/>\t\t\t\t\t<\/a>\n\t\t\t<\/div>\n<\/div>\n<div class=\"qodef-e qodef-image-wrapper qodef-grid-item\">\n\t<div class=\"qodef-e-inner\">\n\t\t\t\t\t<a class=\"qodef-popup-item\" itemprop=\"image\" href=\"http:\/\/panifotografik.pl\/wp-content\/uploads\/2022\/02\/zdjecia-ciazowe-sesje-brzuszkowe-pani-fotografik-poznan-wagrowiec-full.jpg\" data-type=\"image\" data-fslightbox=\"gallery-507\">\n\t\t\t\t\t<img loading=\"lazy\" decoding=\"async\" width=\"933\" height=\"1400\" src=\"http:\/\/panifotografik.pl\/wp-content\/uploads\/2022\/02\/zdjecia-ciazowe-sesje-brzuszkowe-pani-fotografik-poznan-wagrowiec-full.jpg\" class=\"attachment-full size-full\" alt=\"\" srcset=\"http:\/\/panifotografik.pl\/wp-content\/uploads\/2022\/02\/zdjecia-ciazowe-sesje-brzuszkowe-pani-fotografik-poznan-wagrowiec-full.jpg 933w, http:\/\/panifotografik.pl\/wp-content\/uploads\/2022\/02\/zdjecia-ciazowe-sesje-brzuszkowe-pani-fotografik-poznan-wagrowiec-full-200x300.jpg 200w, http:\/\/panifotografik.pl\/wp-content\/uploads\/2022\/02\/zdjecia-ciazowe-sesje-brzuszkowe-pani-fotografik-poznan-wagrowiec-full-682x1024.jpg 682w, http:\/\/panifotografik.pl\/wp-content\/uploads\/2022\/02\/zdjecia-ciazowe-sesje-brzuszkowe-pani-fotografik-poznan-wagrowiec-full-768x1152.jpg 768w, http:\/\/panifotografik.pl\/wp-content\/uploads\/2022\/02\/zdjecia-ciazowe-sesje-brzuszkowe-pani-fotografik-poznan-wagrowiec-full-700x1050.jpg 700w\" sizes=\"auto, (max-width: 933px) 100vw, 933px\" \/>\t\t\t\t\t<\/a>\n\t\t\t<\/div>\n<\/div>\n<div class=\"qodef-e qodef-image-wrapper qodef-grid-item\">\n\t<div class=\"qodef-e-inner\">\n\t\t\t\t\t<a class=\"qodef-popup-item\" itemprop=\"image\" href=\"http:\/\/panifotografik.pl\/wp-content\/uploads\/2022\/02\/zdjecia-ciazowe-sesje-brzuszkowe-pani-fotografik-poznan-wagrowiec-skoki-full.jpg\" data-type=\"image\" data-fslightbox=\"gallery-507\">\n\t\t\t\t\t<img loading=\"lazy\" decoding=\"async\" width=\"933\" height=\"1400\" src=\"http:\/\/panifotografik.pl\/wp-content\/uploads\/2022\/02\/zdjecia-ciazowe-sesje-brzuszkowe-pani-fotografik-poznan-wagrowiec-skoki-full.jpg\" class=\"attachment-full size-full\" alt=\"\" srcset=\"http:\/\/panifotografik.pl\/wp-content\/uploads\/2022\/02\/zdjecia-ciazowe-sesje-brzuszkowe-pani-fotografik-poznan-wagrowiec-skoki-full.jpg 933w, http:\/\/panifotografik.pl\/wp-content\/uploads\/2022\/02\/zdjecia-ciazowe-sesje-brzuszkowe-pani-fotografik-poznan-wagrowiec-skoki-full-200x300.jpg 200w, http:\/\/panifotografik.pl\/wp-content\/uploads\/2022\/02\/zdjecia-ciazowe-sesje-brzuszkowe-pani-fotografik-poznan-wagrowiec-skoki-full-682x1024.jpg 682w, http:\/\/panifotografik.pl\/wp-content\/uploads\/2022\/02\/zdjecia-ciazowe-sesje-brzuszkowe-pani-fotografik-poznan-wagrowiec-skoki-full-768x1152.jpg 768w, http:\/\/panifotografik.pl\/wp-content\/uploads\/2022\/02\/zdjecia-ciazowe-sesje-brzuszkowe-pani-fotografik-poznan-wagrowiec-skoki-full-700x1050.jpg 700w\" sizes=\"auto, (max-width: 933px) 100vw, 933px\" \/>\t\t\t\t\t<\/a>\n\t\t\t<\/div>\n<\/div>\n\t<\/div>\n<\/div>\n\t\t<\/div>\n\t\t\t\t<\/div>\n\t\t\t\t\t<\/div>\n\t\t<\/div>\n\t\t\t\t\t\t\t<\/div>\n\t\t<\/section>\n\t\t\t\t<section class=\"elementor-section elementor-top-section elementor-element elementor-element-fb9a957 elementor-section-boxed elementor-section-height-default elementor-section-height-default parallax_section_no qode_elementor_container_no qode-content-aligment-left\" data-id=\"fb9a957\" data-element_type=\"section\">\n\t\t\t\t\t\t<div class=\"elementor-container elementor-column-gap-default\">\n\t\t\t\t\t<div class=\"elementor-column elementor-col-100 elementor-top-column elementor-element elementor-element-9c19143\" data-id=\"9c19143\" data-element_type=\"column\">\n\t\t\t<div class=\"elementor-widget-wrap elementor-element-populated\">\n\t\t\t\t\t\t\t\t<div class=\"elementor-element elementor-element-157f335 elementor-widget elementor-widget-spacer\" data-id=\"157f335\" data-element_type=\"widget\" data-widget_type=\"spacer.default\">\n\t\t\t\t<div class=\"elementor-widget-container\">\n\t\t\t\t\t<div class=\"elementor-spacer\">\n\t\t\t<div class=\"elementor-spacer-inner\"><\/div>\n\t\t<\/div>\n\t\t\t\t<\/div>\n\t\t\t\t<\/div>\n\t\t\t\t\t<\/div>\n\t\t<\/div>\n\t\t\t\t\t\t\t<\/div>\n\t\t<\/section>\n\t\t\t\t\t\t<\/div>\n\t\t\t\t\t<\/div>\n\t\t","protected":false},"excerpt":{"rendered":"<p>Ci\u0105\u017ca to absolutnie wyj\u0105tkowy czas.&nbsp; Czas pi\u0119kny, ale i niejednokrotnie trudny dla ka\u017cdej kobiety. Niezale\u017cnie jednak od tego czy czujecie si\u0119 kwitn\u0105co, czy te\u017c marzycie ju\u017c tylko o tym aby Maluszek by\u0142 ju\u017c z Wami\u2026 Warto zatrzyma\u0107 ten czas w kadrze. Cho\u0107by po to, aby&#8230;<\/p>\n","protected":false},"author":1,"featured_media":0,"parent":0,"menu_order":0,"comment_status":"closed","ping_status":"closed","template":"","meta":{"footnotes":""},"class_list":["post-562","page","type-page","status-publish","hentry"],"_links":{"self":[{"href":"http:\/\/panifotografik.pl\/index.php\/wp-json\/wp\/v2\/pages\/562","targetHints":{"allow":["GET"]}}],"collection":[{"href":"http:\/\/panifotografik.pl\/index.php\/wp-json\/wp\/v2\/pages"}],"about":[{"href":"http:\/\/panifotografik.pl\/index.php\/wp-json\/wp\/v2\/types\/page"}],"author":[{"embeddable":true,"href":"http:\/\/panifotografik.pl\/index.php\/wp-json\/wp\/v2\/users\/1"}],"replies":[{"embeddable":true,"href":"http:\/\/panifotografik.pl\/index.php\/wp-json\/wp\/v2\/comments?post=562"}],"version-history":[{"count":42,"href":"http:\/\/panifotografik.pl\/index.php\/wp-json\/wp\/v2\/pages\/562\/revisions"}],"predecessor-version":[{"id":1092,"href":"http:\/\/panifotografik.pl\/index.php\/wp-json\/wp\/v2\/pages\/562\/revisions\/1092"}],"wp:attachment":[{"href":"http:\/\/panifotografik.pl\/index.php\/wp-json\/wp\/v2\/media?parent=562"}],"curies":[{"name":"wp","href":"https:\/\/api.w.org\/{rel}","templated":true}]}}