{"id":72,"date":"2020-06-22T09:36:17","date_gmt":"2020-06-22T09:36:17","guid":{"rendered":"https:\/\/stockholm60.qodeinteractive.com\/?page_id=72"},"modified":"2022-02-02T10:02:50","modified_gmt":"2022-02-02T09:02:50","slug":"kontakt","status":"publish","type":"page","link":"http:\/\/panifotografik.pl\/index.php\/kontakt\/","title":{"rendered":"Kontakt"},"content":{"rendered":"\t\t<div data-elementor-type=\"wp-page\" data-elementor-id=\"72\" class=\"elementor elementor-72\" data-elementor-settings=\"[]\">\n\t\t\t\t\t\t\t<div class=\"elementor-section-wrap\">\n\t\t\t\t\t\t\t<section class=\"elementor-section elementor-top-section elementor-element elementor-element-39e597d elementor-section-full_width elementor-section-height-default elementor-section-height-default parallax_section_no qode_elementor_container_no qode-content-aligment-left\" data-id=\"39e597d\" data-element_type=\"section\">\n\t\t\t\t\t\t<div class=\"elementor-container elementor-column-gap-no\">\n\t\t\t\t\t<div class=\"elementor-column elementor-col-100 elementor-top-column elementor-element elementor-element-eb8f74a\" data-id=\"eb8f74a\" data-element_type=\"column\">\n\t\t\t<div class=\"elementor-widget-wrap elementor-element-populated\">\n\t\t\t\t\t\t\t\t<div class=\"elementor-element elementor-element-df2b65c elementor-widget elementor-widget-image\" data-id=\"df2b65c\" data-element_type=\"widget\" data-widget_type=\"image.default\">\n\t\t\t\t<div class=\"elementor-widget-container\">\n\t\t\t<style>\/*! elementor - v3.5.5 - 03-02-2022 *\/\n.elementor-widget-image{text-align:center}.elementor-widget-image a{display:inline-block}.elementor-widget-image a img[src$=\".svg\"]{width:48px}.elementor-widget-image img{vertical-align:middle;display:inline-block}<\/style>\t\t\t\t\t\t\t\t\t\t\t\t<img loading=\"lazy\" decoding=\"async\" width=\"1830\" height=\"650\" src=\"http:\/\/panifotografik.pl\/wp-content\/uploads\/2022\/01\/baner-rodzina-sesje-rodzinne-fotograf-dzieciecy-sesje-slubne-poznan-wagrowiec.jpg\" class=\"attachment-full size-full\" alt=\"\" srcset=\"http:\/\/panifotografik.pl\/wp-content\/uploads\/2022\/01\/baner-rodzina-sesje-rodzinne-fotograf-dzieciecy-sesje-slubne-poznan-wagrowiec.jpg 1830w, http:\/\/panifotografik.pl\/wp-content\/uploads\/2022\/01\/baner-rodzina-sesje-rodzinne-fotograf-dzieciecy-sesje-slubne-poznan-wagrowiec-300x107.jpg 300w, http:\/\/panifotografik.pl\/wp-content\/uploads\/2022\/01\/baner-rodzina-sesje-rodzinne-fotograf-dzieciecy-sesje-slubne-poznan-wagrowiec-1024x364.jpg 1024w, http:\/\/panifotografik.pl\/wp-content\/uploads\/2022\/01\/baner-rodzina-sesje-rodzinne-fotograf-dzieciecy-sesje-slubne-poznan-wagrowiec-768x273.jpg 768w, http:\/\/panifotografik.pl\/wp-content\/uploads\/2022\/01\/baner-rodzina-sesje-rodzinne-fotograf-dzieciecy-sesje-slubne-poznan-wagrowiec-1536x546.jpg 1536w, http:\/\/panifotografik.pl\/wp-content\/uploads\/2022\/01\/baner-rodzina-sesje-rodzinne-fotograf-dzieciecy-sesje-slubne-poznan-wagrowiec-700x249.jpg 700w, http:\/\/panifotografik.pl\/wp-content\/uploads\/2022\/01\/baner-rodzina-sesje-rodzinne-fotograf-dzieciecy-sesje-slubne-poznan-wagrowiec-1100x391.jpg 1100w\" sizes=\"auto, (max-width: 1830px) 100vw, 1830px\" \/>\t\t\t\t\t\t\t\t\t\t\t\t\t\t\t<\/div>\n\t\t\t\t<\/div>\n\t\t\t\t\t<\/div>\n\t\t<\/div>\n\t\t\t\t\t\t\t<\/div>\n\t\t<\/section>\n\t\t\t\t<section class=\"elementor-section elementor-top-section elementor-element elementor-element-4f8ad68 elementor-section-full_width qode_elementor_container_inner elementor-section-height-default elementor-section-height-default parallax_section_no qode-content-aligment-left\" data-id=\"4f8ad68\" data-element_type=\"section\">\n\t\t\t\t\t\t<div class=\"elementor-container elementor-column-gap-no\">\n\t\t\t\t\t<div class=\"elementor-column elementor-col-50 elementor-top-column elementor-element elementor-element-26e6c53\" data-id=\"26e6c53\" data-element_type=\"column\">\n\t\t\t<div class=\"elementor-widget-wrap elementor-element-populated\">\n\t\t\t\t\t\t\t\t<div class=\"elementor-element elementor-element-14675a1 elementor-widget elementor-widget-text-editor\" data-id=\"14675a1\" data-element_type=\"widget\" data-widget_type=\"text-editor.default\">\n\t\t\t\t<div class=\"elementor-widget-container\">\n\t\t\t<style>\/*! elementor - v3.5.5 - 03-02-2022 *\/\n.elementor-widget-text-editor.elementor-drop-cap-view-stacked .elementor-drop-cap{background-color:#818a91;color:#fff}.elementor-widget-text-editor.elementor-drop-cap-view-framed .elementor-drop-cap{color:#818a91;border:3px solid;background-color:transparent}.elementor-widget-text-editor:not(.elementor-drop-cap-view-default) .elementor-drop-cap{margin-top:8px}.elementor-widget-text-editor:not(.elementor-drop-cap-view-default) .elementor-drop-cap-letter{width:1em;height:1em}.elementor-widget-text-editor .elementor-drop-cap{float:left;text-align:center;line-height:1;font-size:50px}.elementor-widget-text-editor .elementor-drop-cap-letter{display:inline-block}<\/style>\t\t\t\t<h1>tu jestem<\/h1>\t\t\t\t\t\t<\/div>\n\t\t\t\t<\/div>\n\t\t\t\t<div class=\"elementor-element elementor-element-03b955f elementor-widget elementor-widget-text-editor\" data-id=\"03b955f\" data-element_type=\"widget\" data-widget_type=\"text-editor.default\">\n\t\t\t\t<div class=\"elementor-widget-container\">\n\t\t\t\t\t\t\t<h5>\u00a0<\/h5><h5>Je\u015bli macie dodatkowe pytania, chcecie mnie pozna\u0107, spotka\u0107 si\u0119 i zobaczy\u0107 czy to w\u0142a\u015bnie ja, czyli Pani Fotografik powinna uwieczni\u0107 Wasze wspomnienia\u2026<\/h5><h3>\u00a0<\/h3><h3>Zapraszam Was do kontaktu.<\/h3><h3>B\u0119dzie mi bardzo mi\u0142o!<\/h3><div>\u00a0<\/div><h4>\u00a0<\/h4><h5>Potrzanowo, ul. W\u0142\u00f3kna 21a<\/h5><h5>\u00a0<\/h5><h5>\u00a0<\/h5>\t\t\t\t\t\t<\/div>\n\t\t\t\t<\/div>\n\t\t\t\t<div class=\"elementor-element elementor-element-b46aa17 elementor-widget elementor-widget-text-editor\" data-id=\"b46aa17\" data-element_type=\"widget\" data-widget_type=\"text-editor.default\">\n\t\t\t\t<div class=\"elementor-widget-container\">\n\t\t\t\t\t\t\t<h5><a class=\"qode-underlined-link\" href=\"tel:+123467897\">+48 502 317 712<\/a><\/h5>\t\t\t\t\t\t<\/div>\n\t\t\t\t<\/div>\n\t\t\t\t<div class=\"elementor-element elementor-element-818edef elementor-widget elementor-widget-text-editor\" data-id=\"818edef\" data-element_type=\"widget\" data-widget_type=\"text-editor.default\">\n\t\t\t\t<div class=\"elementor-widget-container\">\n\t\t\t\t\t\t\t<h5>panifotografik@gmail.com<\/h5>\t\t\t\t\t\t<\/div>\n\t\t\t\t<\/div>\n\t\t\t\t<div class=\"elementor-element elementor-element-0db906f elementor-widget elementor-widget-text-editor\" data-id=\"0db906f\" data-element_type=\"widget\" data-widget_type=\"text-editor.default\">\n\t\t\t\t<div class=\"elementor-widget-container\">\n\t\t\t\t\t\t\t<h3>Wy\u015blij wiadomo\u015b\u0107<\/h3>\t\t\t\t\t\t<\/div>\n\t\t\t\t<\/div>\n\t\t\t\t<div class=\"elementor-element elementor-element-0a91a80 elementor-widget elementor-widget-stockholm_cf_7\" data-id=\"0a91a80\" data-element_type=\"widget\" data-widget_type=\"stockholm_cf_7.default\">\n\t\t\t\t<div class=\"elementor-widget-container\">\n\t\t\t    <div class=\"qode-contact-form-7 qode-contact-form-7-0\">\n    <div role=\"form\" class=\"wpcf7\" id=\"wpcf7-f94-o1\" lang=\"en-US\" dir=\"ltr\">\n<div class=\"screen-reader-response\"><p role=\"status\" aria-live=\"polite\" aria-atomic=\"true\"><\/p> <ul><\/ul><\/div>\n<form action=\"\/index.php\/wp-json\/wp\/v2\/pages\/72#wpcf7-f94-o1\" method=\"post\" class=\"wpcf7-form init cf7_custom_style_1\" novalidate=\"novalidate\" data-status=\"init\">\n<div style=\"display: none;\">\n<input type=\"hidden\" name=\"_wpcf7\" value=\"94\" \/>\n<input type=\"hidden\" name=\"_wpcf7_version\" value=\"5.5.4\" \/>\n<input type=\"hidden\" name=\"_wpcf7_locale\" value=\"en_US\" \/>\n<input type=\"hidden\" name=\"_wpcf7_unit_tag\" value=\"wpcf7-f94-o1\" \/>\n<input type=\"hidden\" name=\"_wpcf7_container_post\" value=\"0\" \/>\n<input type=\"hidden\" name=\"_wpcf7_posted_data_hash\" value=\"\" \/>\n<\/div>\n<div class=\"qodef-grid-row qodef-grid-tiny-gutter\">\n    <div class=\"qodef-grid-col-6\">\n        <span class=\"wpcf7-form-control-wrap first-name\"><input type=\"text\" name=\"first-name\" value=\"\" size=\"40\" class=\"wpcf7-form-control wpcf7-text wpcf7-validates-as-required\" aria-required=\"true\" aria-invalid=\"false\" placeholder=\"Imi\u0119*\" \/><\/span>\n    <\/div>\n    <div class=\"qodef-grid-col-6\">\n        <span class=\"wpcf7-form-control-wrap e-mail\"><input type=\"email\" name=\"e-mail\" value=\"\" size=\"40\" class=\"wpcf7-form-control wpcf7-text wpcf7-email wpcf7-validates-as-required wpcf7-validates-as-email\" aria-required=\"true\" aria-invalid=\"false\" placeholder=\"E-mail*\" \/><\/span>\n    <\/div>\n<\/div>\n\n<div><span class=\"wpcf7-form-control-wrap your-message\"><textarea name=\"your-message\" cols=\"40\" rows=\"10\" class=\"wpcf7-form-control wpcf7-textarea wpcf7-validates-as-required\" aria-required=\"true\" aria-invalid=\"false\" placeholder=\"Tre\u015b\u0107 wiadomo\u015bci*\"><\/textarea><\/span><\/div>\n\n<div><input type=\"submit\" value=\"Wy\u015blij\" class=\"wpcf7-form-control has-spinner wpcf7-submit\" \/><\/div><div class=\"wpcf7-response-output\" aria-hidden=\"true\"><\/div><\/form><\/div>    <\/div>\n\t\t<\/div>\n\t\t\t\t<\/div>\n\t\t\t\t\t<\/div>\n\t\t<\/div>\n\t\t\t\t<div class=\"elementor-column elementor-col-50 elementor-top-column elementor-element elementor-element-7e4fb5e\" data-id=\"7e4fb5e\" data-element_type=\"column\">\n\t\t\t<div class=\"elementor-widget-wrap elementor-element-populated\">\n\t\t\t\t\t\t\t\t<div class=\"elementor-element elementor-element-2bad645 elementor-widget elementor-widget-qode_google_map\" data-id=\"2bad645\" data-element_type=\"widget\" data-widget_type=\"qode_google_map.default\">\n\t\t\t\t<div class=\"elementor-widget-container\">\n\t\t\t<div class=\"qode-google-map-holder\">\n\t<div class=\"qode-google-map\" id=\"qode-map-1076678\" data-addresses='[\"ul. W\u0142\u00f3kna 21A, 62-085 Potrzanowo\"]' data-custom-map-style= data-color-overlay=#393939 data-saturation=-100 data-lightness=-60 data-zoom=12 data-pin=http:\/\/panifotografik.pl\/wp-content\/uploads\/2020\/08\/Pin.png data-unique-id=1076678 data-scroll-wheel=no data-height=722 data-predefined-style=yes ><\/div>\n\t\t\t<div class=\"qode-google-map-overlay\"><\/div>\n\t    <\/div>\t\t<\/div>\n\t\t\t\t<\/div>\n\t\t\t\t\t<\/div>\n\t\t<\/div>\n\t\t\t\t\t\t\t<\/div>\n\t\t<\/section>\n\t\t\t\t\t\t<\/div>\n\t\t\t\t\t<\/div>\n\t\t","protected":false},"excerpt":{"rendered":"<p>tu jestem \u00a0 Je\u015bli macie dodatkowe pytania, chcecie mnie pozna\u0107, spotka\u0107 si\u0119 i zobaczy\u0107 czy to w\u0142a\u015bnie ja, czyli Pani Fotografik powinna uwieczni\u0107 Wasze wspomnienia\u2026 \u00a0 Zapraszam Was do kontaktu. B\u0119dzie mi bardzo mi\u0142o! \u00a0 \u00a0 Potrzanowo, ul. W\u0142\u00f3kna 21a \u00a0 \u00a0 +48 502 317&#8230;<\/p>\n","protected":false},"author":1,"featured_media":0,"parent":0,"menu_order":0,"comment_status":"closed","ping_status":"closed","template":"full_width.php","meta":{"footnotes":""},"class_list":["post-72","page","type-page","status-publish","hentry"],"_links":{"self":[{"href":"http:\/\/panifotografik.pl\/index.php\/wp-json\/wp\/v2\/pages\/72","targetHints":{"allow":["GET"]}}],"collection":[{"href":"http:\/\/panifotografik.pl\/index.php\/wp-json\/wp\/v2\/pages"}],"about":[{"href":"http:\/\/panifotografik.pl\/index.php\/wp-json\/wp\/v2\/types\/page"}],"author":[{"embeddable":true,"href":"http:\/\/panifotografik.pl\/index.php\/wp-json\/wp\/v2\/users\/1"}],"replies":[{"embeddable":true,"href":"http:\/\/panifotografik.pl\/index.php\/wp-json\/wp\/v2\/comments?post=72"}],"version-history":[{"count":87,"href":"http:\/\/panifotografik.pl\/index.php\/wp-json\/wp\/v2\/pages\/72\/revisions"}],"predecessor-version":[{"id":875,"href":"http:\/\/panifotografik.pl\/index.php\/wp-json\/wp\/v2\/pages\/72\/revisions\/875"}],"wp:attachment":[{"href":"http:\/\/panifotografik.pl\/index.php\/wp-json\/wp\/v2\/media?parent=72"}],"curies":[{"name":"wp","href":"https:\/\/api.w.org\/{rel}","templated":true}]}}